) = 20*x**2 - x - 1. Let b be y(4). Suppose -m - 3*q + 95 = 0, 3*m = -0*q - 3*q + b. What is the greatest common factor of m and 44?
22
Let o(c) = c**3 - 38*c**2 + c + 1. Let d be o(38). Calculate the greatest common factor of 6 and d.
3
Let m(f) = 407*f**2. Let t be m(1). Suppose 0 = -l - 2*c + 98, t = 4*l + 2*c + 3*c. Suppose w - 11 = 1. What is the greatest common divisor of l and w?
12
Let g(u) = u**2 + 3*u - 2. Let i be g(-5). Let m = 158 + -154. Calculate the highest common divisor of i and m.
4
Suppose -3*o + 6*o = -3*s - 9, o - s - 7 = 0. Let g be ((-1)/1)/(2/(-4)). Let d = g + 3. Calculate the greatest common divisor of d and o.
1
Let d = 1329 - 933. Calculate the greatest common factor of d and 22.
22
Suppose 2*r - 16*w + 19*w - 111 = 0, 4*r - 197 = -w. What is the highest common factor of 40 and r?
8
Suppose -45*g - 2 = -47*g, 0 = 2*f + 3*g - 997. What is the greatest common factor of f and 21?
7
Let d be 20204*(-8)/(-352) + (-4)/22. What is the greatest common factor of 17 and d?
17
Suppose -4*j + 2*q + 70 = 0, q - 2*q = -j + 19. Suppose -p - j = -3*p. What is the greatest common factor of 72 and p?
8
Let d(i) = -9*i + 30. Let p be d(-20). Suppose p = 8*g - g. Calculate the greatest common factor of 12 and g.
6
Let u be (400/56)/((-9)/(-126)). Calculate the greatest common factor of u and 850.
50
Suppose 4*b + 3 = -2*f + 71, 3*b = 2*f - 47. Let n be 1 - -2 - ((4 - 9) + 3). Let d be n - 8/1 - 34/(-2). What is the highest common factor of d and f?
14
Let v = -114 - -60. Let l = 90 + v. Calculate the greatest common divisor of l and 18.
18
Let i = 266 - 241. Let s be 2*-1 + 174 + 3. What is the greatest common divisor of i and s?
25
Let q be ((-12)/(-18))/((-2)/(-6)). Suppose 0 = q*y - 5*y + 216. Let o be -4*(-1 + -3)/2. What is the highest common divisor of o and y?
8
Let n(i) = i**2 - 9*i - 13. Let d be n(10). Let g be 1 + 62 + 0 + d. Suppose 0*v - 3*y + 114 = 3*v, -5*y = 10. Calculate the greatest common factor of v and g.
20
Let r(n) = n**3 - 12*n**2 + 8*n + 26. Let u be r(11). Let l(h) = -1 + h**2 - 3 + 3 + 4*h. Let j be l(u). What is the highest common divisor of j and 4?
4
Let s(d) = 10*d + 3. Let g be s(14). Let q be (g/(-3))/(4/(-12)). Calculate the highest common divisor of 26 and q.
13
Suppose -4*a + 14474 = -3*t, -2*t - 10850 = -3*a + 3*t. What is the greatest common divisor of 20 and a?
20
Let w = -134 - -224. Let z(m) = m + 1. Let o(d) = 10*d + 7. Let g(h) = -2*o(h) + 14*z(h). Let b be g(-3). Calculate the greatest common factor of w and b.
18
Suppose -417*s + 420*s = 9. Calculate the greatest common factor of s and 1.
1
Let b(a) = -a + 18. Suppose -2*k + 30 = -4*i + 8, 4*k - 5*i = 47. Let h be b(k). Suppose h*s = -0*s + 55. What is the highest common factor of s and 99?
11
Let m = 189 + -185. Calculate the greatest common factor of 27 and m.
1
Let w be 1 - (8 + -2) - -301. What is the highest common divisor of w and 8?
8
Suppose 4*x + 4 = 36. Suppose 189 = x*i + 29. Suppose 0 = -b + c + 9, 0 = -2*b + 3*c + 2*c + 33. Calculate the highest common divisor of i and b.
4
Let j be (-2316)/(-30) + 4/(-20). Suppose 363 = 5*x - j. Calculate the greatest common factor of x and 8.
8
Let q = 101 - 83. What is the greatest common divisor of q and 54?
18
Let s(n) = -4*n**3 + 84*n**2 + 6*n + 48. Let f be s(21). Calculate the highest common factor of f and 12.
6
Let t = 52 - 41. Let l = t + 15. Calculate the highest common divisor of 104 and l.
26
Let b(r) = 3*r**2 + 12*r - 26. Let f be b(-8). Suppose -137 = -8*m - 25. Calculate the highest common divisor of m and f.
14
Let z be -50*(-1)/4*2. Suppose -3*t + z = -38. Suppose 3*m - 85 - 230 = 0. Calculate the greatest common factor of t and m.
21
Let v = -1313 + 1465. Calculate the highest common divisor of 247 and v.
19
Let t = -6 - -17. What is the highest common divisor of t and 1177?
11
Let t be 1*(6/(-30) + (-32)/(-10)). Let b be 7*(2 - 20/(-14)). Suppose 3*v + b = m, 4*v + 45 + 37 = t*m. Calculate the greatest common divisor of 30 and m.
30
Suppose -4*t + 82 = -3*h, 3*t - 66 - 41 = 4*h. Let z = -24 - h. Let d be 43/z - 1/2. Calculate the highest common divisor of 14 and d.
7
Let k be (-12)/4*(11 - 4). Let o = -19 - k. Calculate the greatest common factor of o and 14.
2
Suppose -16*f + 216 = -10*f. What is the highest common factor of 108 and f?
36
Suppose -37*q + 109*q = 17280. Calculate the greatest common divisor of q and 56.
8
Suppose -5*f = 5*h - 360, 5*h - 93 + 41 = -f. Calculate the greatest common divisor of 63 and f.
7
Let z(l) = -3*l**2 - 19*l + 32. Let k be z(0). What is the highest common factor of 1568 and k?
32
Let r(h) = 36*h + 4. Let g(l) = 36*l + 3. Let i(s) = -2*g(s) + 3*r(s). Let q be i(-2). Let u = q + 94. Calculate the highest common divisor of 56 and u.
28
Let z be (-1)/((-10)/2726) + (-8)/(-20). Let h = -158 + z. Calculate the greatest common factor of 23 and h.
23
Let x be (4/6)/(2*5/(-8730)). Let r be x/(-54) + (-2)/(-9). Calculate the highest common factor of r and 22.
11
Let f(j) = -10*j - 13. Let a(i) = -i**2 + 24*i - 48. Let w be a(22). Let c be f(w). Calculate the highest common factor of 9 and c.
9
Suppose -4*n = -2*n - 14. Suppose -17 = -2*x - 0*s + s, n = -3*x - 5*s. Calculate the greatest common factor of 66 and x.
6
Suppose -3*a + 54 = 4*h, -3*h - 4 + 38 = -a. Let k = 1 - 3. Let g(o) = 14*o**2 - 3*o - 2. Let d be g(k). What is the greatest common factor of h and d?
12
Suppose -4 = -2*k + k. Suppose -8 = -3*f + 5*v + 2, 3*f + 2*v = 38. Calculate the highest common factor of k and f.
2
Let a(f) = f**3 - f + 1. Let k be a(0). Suppose -17 = -d - d + t, -d - 4*t + 13 = 0. What is the highest common factor of d and k?
1
Suppose 2*z + 70 = 7*z. Suppose g - 5*v = -14, -4*g - 13 = -5*v - 2. Let u be (84/36)/(g/30). What is the greatest common divisor of u and z?
14
Let r = 4 + 47. Let o(y) = 8*y**2 - 2*y - 10. Let p be o(-3). Suppose -9*x = -11*x + p. What is the highest common factor of x and r?
17
Let j be 2176/12*3/4. Let y(b) = 3*b**2 - 2*b + 1. Let n be y(-2). Calculate the greatest common divisor of n and j.
17
Suppose 5*j - 11 = -3*a, j = 3*a - 3*j - 2. Suppose -2*z = 12 + a. Let p(n) = -n - 1. Let m be p(z). What is the highest common factor of 6 and m?
6
Let n(q) = -5*q**3 + 2*q**2 + q. Let t be n(-1). Let x(v) = v + 4. Let b be x(t). What is the highest common divisor of 110 and b?
10
Let s(i) = 2 - i**2 - 47*i**3 + 35*i**3 - 37*i**3 + 2*i. Let w be s(-1). What is the greatest common divisor of 40 and w?
8
Let y = 44 - -7. What is the greatest common divisor of 51 and y?
51
Let f be ((-2)/7)/((-23)/15778). What is the highest common divisor of f and 140?
28
Let r(j) = j**2 - 6*j - 39. Let p be r(12). Let a = -25 + p. Calculate the highest common divisor of a and 20.
4
Let i(x) = x**3 + 9*x**2 - x - 17. Let p be (-14)/(1 + -2 - (-4 + 1)). Let c be i(p). What is the highest common factor of c and 11?
11
Let c(s) = 5*s**3 + 75*s**2 - 21*s + 7. Let u be c(-15). Calculate the highest common factor of u and 368.
46
Suppose 0 = -37*r + 49*r - 384. Calculate the greatest common factor of r and 48.
16
Let a(k) = k**3 + 15*k**2 + 5*k + 3. Let c be a(-14). Calculate the greatest common factor of 215 and c.
43
Let w be (-2 + -20)*(32 + -49). Suppose 0 = -4*z + 2*r + 32 + 112, 3*r + 182 = 5*z. Calculate the highest common divisor of z and w.
34
Suppose 51 = 28*j - 27*j. What is the highest common divisor of j and 816?
51
Let g(p) = 4*p**2 + 19*p + 12. Let n be g(-6). What is the greatest common factor of n and 588?
42
Let i = 3 + 30. Calculate the highest common factor of 121 and i.
11
Let w = -55 + 102. Let d = w - 36. What is the highest common divisor of d and 77?
11
Let n = 61 + -90. Let t = 40 + n. Calculate the highest common factor of 77 and t.
11
Suppose 0 = -0*a - 2*a + 20. Suppose -26 = -2*z - 2*w, 2*z = -2*z + 4*w + 28. What is the highest common divisor of z and a?
10
Let k(r) = -2*r + 12. Let h be k(0). Let o be 1 + (h/4 - -2). Let s = 135 + -81. Calculate the greatest common factor of s and o.
6
Suppose 2*g + 26 - 90 = 0. What is the highest common divisor of 20 and g?
4
Suppose 6 = -t - 1. Let h be (-167)/t - 1/(-7). Let v(a) = a**2 - 5*a - 8. Let x be v(7). What is the greatest common factor of h and x?
6
Let v be 8/(-10)*(19 - -6). Let x 